13*p = 3*a - 39, -2*a - 4*p + 16 = 0. Suppose -a*i = 56 + 52. Let j(m) = -2*m**2 - 10*m + 10. Calculate j(i).
-2
Let q(z) = -z**3 + 2*z**2 + z - 2. Let j = 314 + -304. Suppose -s = 4, t - 10*s + 13*s + j = 0. What is q(t)?
0
Let g = 27 - 88. Let o = g + 65. Let b(l) be the second derivative of l**5/20 - 5*l**4/12 + 7*l**3/6 - 3*l**2 + 5*l. Calculate b(o).
6
Let l(p) = -2*p**2 + 2*p. Let q = -262 - -249. Let h(f) = -4*f**2 + 5*f. Let a(j) = q*l(j) + 6*h(j). Determine a(-5).
30
Let y(d) = -d. Let k(z) = -3*z - 20*z**2 - z + 24*z**2 + z**3. Let n(b) = k(b) - 3*y(b). Suppose o = -4*s - 17, 4*s = 8*o - 3*o - 11. Calculate n(s).
4
Suppose 33*s + 477 + 50 + 1 = 0. Let l(c) = c**3 + 15*c**2 - 13*c + 53. What is l(s)?
5
Let h(s) be the second derivative of s**4/12 + 2*s**3 + 27*s**2/2 + 257*s. Determine h(-9).
0
Let j(x) = 5*x**3 + x**2 - 5*x - 5. Let d(w) = 25*w + 118. Let p be d(-5). Let m(i) = 6*i**3 - 5*i - 6. Let u(f) = p*j(f) + 6*m(f). What is u(6)?
-7
Let w(s) = -s**3 - s**2 + 7. Let m be (3 - (6 + 2))*30/(-6). Let o(x) = 2*x**2 + 9*x + 2 - m*x + 4*x + 8. Let h be o(5). Give w(h).
7
Let m be (3*(-4)/10)/(1272/(-6360)). Let b(s) = s**3 + s**2 - s + 1. Let c(u) = u**3 + 9*u**2 - 9*u + 4. Let l(i) = 2*b(i) - c(i). Give l(m).
4
Let h(r) = -r**3 + 20*r**2 - 21*r + 29. Suppose -442*b = -444*b + 38. What is h(b)?
-9
Let t = 249 - 245. Let u(x) = -114*x**3 - 5 + 3 - t*x**2 + 115*x**3 + 6*x. Give u(4).
22
Let h(x) be the third derivative of x**7/2520 - x**6/720 + x**5/30 + 7*x**4/2 - 22*x**2 + 4*x. Let n(j) be the second derivative of h(j). Give n(4).
16
Let h be 5*-1*4/10. Let v(d) = 4*d + 671*d**2 - 5 - 4*d + 7 - 674*d**2. What is v(h)?
-10
Let m(o) = -o**2 - 2. Let x(z) = z**3 - 2*z**2 + 4*z - 16. Let p(h) = -7*m(h) - x(h). Determine p(9).
-6
Let y(i) be the second derivative of 2*i**3 - 1 + 13/2*i**2 + 2*i + 1/12*i**4. Determine y(-11).
2
Let p(u) = 4*u**3 - 18*u**2 + 13*u - 30. Let a be p(4). Let m(i) = i**3 + 8*i**2 - 15*i - 2. Calculate m(a).
-52
Let o(x) = 11*x - 88 + 6*x - 10*x + 74 + 14*x**2 - 2*x**3. What is o(7)?
35
Let s = 3573 - 3568. Let m(i) = 2*i**3 - 13*i**2 + 19*i - 14. Determine m(s).
6
Let g(z) = -z**2 - 27*z - 108. Let v(p) = -150*p + 1778. Let a be v(12). What is g(a)?
2
Let v(j) = -j**3 - 11*j**2 - 2. Let w = 71 + -63. Suppose -3 = s + w. Give v(s).
-2
Let v(c) = 3*c**2 + 5*c + 7. Suppose 3*u = -6*u - 1161 + 1143. Determine v(u).
9
Let s(q) be the first derivative of -1/3*q**3 + 5/2*q**2 - 1/4*q**4 + 30 + 3*q. Let k = -1 + -2. Determine s(k).
6
Let w be (-5 + 4)*-21 - 2/1. Suppose -7*p = -6*p - w. Suppose 15*k = p*k - 20. Let h(f) = f - 2. Determine h(k).
3
Let c be 5*-2*(4 + 26/(-5)). Let d(i) = 8 - i**3 - 2*i - c*i**2 + 6*i**2 + 3*i. Suppose 20 = 5*k, 5*j + 23 + 23 = 4*k. Determine d(j).
2
Suppose 0 = 17*y + 7*y - 96. Suppose d = 5*i + 36, 0 = 5*i - 2*i - y*d + 8. Let s(o) = o**3 + 9*o**2 + 6*o - 11. Give s(i).
5
Let a(d) = 1 + 10*d**2 + 8*d**3 - 10*d**3 + d**3 + 3 - 26*d + 9. Calculate a(6).
1
Suppose -5*k - 26 = -3*d + 10, 4*k - 60 = -5*d. Let a(y) = y**2 - 14*y + 23. Let w be a(d). Let o(v) = -9*v + 1. Give o(w).
10
Let w(v) = 4 + 0 - 3 - 27*v**2 - 3*v + 64*v**2 - 34*v**2. Let h(q) = -2*q + 4. Let t be h(0). Give w(t).
37
Let q(z) = z - 7. Let w be q(6). Let p be -7*(2/(-7) - (-36)/28). Let k(f) = -13*f - 1. Let o(s) = -14*s - 1. Let y(r) = p*k(r) + 6*o(r). Calculate y(w).
-6
Suppose 5*a + 11 = -44. Let w be (-2)/a + 34/(-187). Let m be w - (-1 - 0 - 8/(-1)). Let x(b) = -b - 1. Give x(m).
6
Suppose o - 2*j = 15, -4*o - 2*j - 2*j + 12 = 0. Let x(k) = -k**3 + 8*k**2 - 9*k + 11. Calculate x(o).
-3
Suppose -87*c + 196 = 43*c - 32*c. Let p(a) = a**3 + a. Calculate p(c).
10
Let b(m) be the third derivative of m**5/60 - 5*m**4/24 + m**3/3 + 99*m**2 + m + 15. Let p = 10 - 4. Give b(p).
8
Let t(o) be the first derivative of o**4/4 + 20*o**3/3 + 18*o**2 + 7*o - 1160. Calculate t(-18).
7
Let h(v) = -3*v - 10. Let s(w) = -4*w + 2. Let a(l) = -2*l - 1. Let o(i) = 3*a(i) - s(i). Let n(j) = 2*h(j) - 5*o(j). Determine n(6).
29
Let a(q) = 4 + q**2 + 2*q + 4 - 4 - 3. Let k be a(2). Let r(c) be the first derivative of -c**3/3 + 7*c**2/2 + 3*c + 9. Calculate r(k).
-15
Suppose -3*z + 4*r - 36 = 0, 2*z = 4*z + 5*r + 47. Let s be (-6)/(-21) + z/7. Let d(t) = -19*t**2 + 20*t**2 - 14*t + 15*t. Give d(s).
2
Let n(z) = 2*z**3 + 9*z**2 - 6*z. Let y(k) = k**3 + k**2. Let d(m) = n(m) - 3*y(m). Let p(j) = -j**3 + 6*j**2 - 6*j - 1. Let i(g) = -3*d(g) + 4*p(g). Give i(5).
-9
Let n(v) = 26*v - 474. Let m = -23591 + 23609. Calculate n(m).
-6
Let i = 24021 + -24014. Let p(h) = 5*h - 21. Determine p(i).
14
Let m(a) = a**3 + 8*a**2 - 23*a - 5. Suppose -2*r - 6 = 5*c + 24, 2*r + c + 22 = 0. Give m(r).
25
Let a(u) = 8*u**2 + 7*u - 8. Let t(k) = -13*k**2 - 12*k + 15. Let m(w) = 5*a(w) + 3*t(w). Suppose 4*l = 4*r, -2*l + r + 2*r + 4 = 0. Calculate m(l).
25
Let k(g) = 209 - 378 - g + 190. Give k(5).
16
Let p(v) = 1 + 3129*v**2 + v**3 + 2*v - 6260*v**2 + 3126*v**2. Let h = -17 + 13. Let g be h/(-18) - (-258)/54. What is p(g)?
11
Suppose -19*s + 71 + 100 = 0. Let x(f) = -f**2 - 10*f - 10 + 2 - s + 5. Calculate x(-8).
4
Let r(m) = -10*m**2 + 11*m**2 - 19 + 4*m + 0*m - 2*m. Let w be r(-5). Let q(f) = f**3 + 5*f**2 - f - 5. Give q(w).
15
Let o(t) = 1 + 31*t + 3 - 35*t. Suppose 5*v + 87 = m - 28, -5*m = 25. Let j = v - -28. Calculate o(j).
-12
Let c(r) be the second derivative of 35*r**3/6 - 208*r**2 - 7585*r. Calculate c(12).
4
Let q(j) be the second derivative of 8*j**3/3 - 447*j**2/2 - j + 587. Give q(28).
1
Let u(n) = 4*n**2 - 21*n - 81. Let z be u(-3). Let v(x) = x**2 - 18*x - 21. Calculate v(z).
-21
Suppose -12 = -4*p + 4. Let s(u) = 4*u + 3 - 2*u + 0*u - p. Let c be 17/(-10) - (18 + 7965/(-450)). Calculate s(c).
-5
Let l(o) be the second derivative of o**4/12 - 7*o**3/6 - 5*o**2/2 + 4*o. Let s be l(7). Let w(f) = 7*f**2 + 7*f - 3984 - 3986 + f**3 + 7971. Calculate w(s).
16
Let c(f) = -2*f**2 - 5*f - 20. Suppose -5*r + 55*a = 53*a - 8, 3*r + 2*a + 8 = 0. Give c(r).
-20
Let v(y) = y**3 + 9*y**2 + 4. Let u be v(-9). Let p(z) = 3*z**2 + 6 + u*z**2 - 8 - 6*z**2 + z. Let i = 0 + 0. What is p(i)?
-2
Let q(v) = -16*v**2 + 8*v - 8. Let z(r) = 5*r**2 - 3*r + 3. Let i(c) = -4*q(c) - 11*z(c). Let n(h) = -3*h + 43. Let b be n(14). What is i(b)?
9
Let t be 104/(-24) - ((-4)/(-2) + (-50)/15). Let d(q) = 23*q**2 + 68*q - 4. Determine d(t).
-1
Let j(w) = 5*w**2 + 10*w - 10. Let i(l) = -6*l + 28 - 4*l - 21*l - 14*l**2 + 2*l. Let d(m) = 6*i(m) + 17*j(m). Give d(5).
3
Let t(g) = 2*g + 2. Suppose -6*h = -61 - 833. Let i = h - 145. Calculate t(i).
10
Let x(c) be the second derivative of -5/6*c**3 + 77*c + 3/2*c**2 - 1/12*c**4 + 0. What is x(-4)?
7
Let c(h) = h**3 - 2*h**2 - 2*h + 5. Let s be c(0). Suppose -4 = -s*g + 2*g - 2*y, -5*g = -5*y + 35. Let m(l) = l + l - 4 + 4*l**2 - l + 2 + l**3. What is m(g)?
4
Let b = 10175 + -10187. Let s(r) = r**3 + 15*r**2 + 39*r + 42. Give s(b).
6
Let q(w) = w**2 - 173*w + 1314. Let p be q(8). Let x(k) = -k**3 - 7*k**2 + 10*k + 100. What is x(p)?
4
Suppose 7*p - 62 = 2*p - 2*g, 4*p + 4*g = 40. Let t = p + -10. Suppose 0 = 2*o - 4*o - t. Let b(u) = -2*u - 3. Give b(o).
1
Let a(x) = 6*x**2 + 6 - x**2 - 34*x**3 + 33*x**3 + 5*x**2 - 2*x**2 - 7*x. Let l(y) = -y + 1. Let h be l(-6). What is a(h)?
6
Let y(n) = -12*n**2 + 1621*n - 116. Let s be y(135). Let p(x) = -5*x**2 + 93*x + 11. What is p(s)?
-27
Suppose -z + 1 = -x, -4*x - 6*z = -4*z - 20. Let u(a) = -14*a + 3. Calculate u(x).
-39
Let r(d) be the second derivative of d**3/6 + 4*d. Let h = -13321 + 13326. Give r(h).
5
Let l(a) = -2*a - 4 + 3 + 0 + 4*a. Let y(x) = -163*x + 10099. Let n be y(62). Give l(n).
-15
Let v(a) = 17*a - 1. Let o(s) = 25*s - 42*s - 3 + 21*s + 3. Let b(r) = -8*o(r) + 3*v(r). What is b(2)?
35
Let i(p) = -5*p + 58. Let r be i(8). Let d be 0/4 + (-1)/((-3)/r). Let o(s) = -5 + d + 31*s - 5*s. Determine o(1).
27
Let t(a) = a**2 - 16*a - 19. Let n be t(18). Let y(v) = -n*v - 3 + 14 + 6*v - v**2. Determine y(-12).
-1
Suppose 2*c + 6 = 0, 2659*j + c = 2664*j - 28. Let u(d) = -6 - 2*d - 3*d + 6*d**2 + 11*d**2 - 16*d**2. Calculate u(j).
-6
Suppose 2*p + 234 = 5*p. Let x = -75 + p. Let d be (x + (-9)/4)*4. Let f(s) = -6*s + 4. What is f(d)?
-14
Let d(a) = -a**2 - 3. Let n = -22 - -32. Suppose